831721. Is i prime?
False
Let w = 169449 + 3908. Is w a prime number?
True
Let d = -95 + 86. Is 131 - 6*(-6)/d a composite number?
False
Let j be -2*(-2)/10 + 6083/(-395). Let g(a) = 19*a**2 + 3*a - 4. Let r be g(3). Let y = j + r. Is y composite?
True
Let r be 6/(-6) - (-6 - 4073). Let g = r + -1951. Is g composite?
True
Let h = 44181 - -18368. Is h prime?
True
Is 278090/(-21)*(-4 - 8) - (-87)/203 a prime number?
True
Suppose 4*v + 621553 = 3*u, 246878 = 5*u - 5*v - 789047. Is u prime?
True
Let r be 10/6 - 553764/(-36). Let j = r - 9947. Is j a prime number?
True
Let c = 656 - 652. Suppose 52*s = c*s + 149232. Is s a prime number?
True
Let d be (-13296)/(-2 - -5) - (7 + -3). Is ((-16)/64)/(1/d) prime?
True
Let d(y) = -5*y + 39. Let w be d(7). Suppose -w*v + 2*c + 4946 = 0, 16 - 1 = 5*c. Is v composite?
True
Let u(t) = 415*t - 2. Suppose 4*v + p = 10, -4 - 7 = -5*v - 2*p. Let g be u(v). Let c = g + -652. Is c composite?
True
Let t(m) = 4*m + 42. Let z be t(-10). Suppose k + h - 2 = 0, 0 = 3*k - h + z*h - 16. Suppose -3*w + 570 = k*w. Is w a prime number?
False
Let x(u) = u**3 - 22*u**2 - 17*u - 803. Is x(49) prime?
False
Let g be (1 + 5/(-15))/((-4)/(-216606)). Suppose 0*u - 13*u = -g. Is u prime?
True
Is 0 + (-5813913)/(-33) - (-42)/(-231) prime?
True
Let p be (4 - 12191)/((-4)/16). Is p/12*(-12 + 15) composite?
True
Let c(p) = 648*p + 98. Let b be c(-21). Let i = b + 19771. Is i a prime number?
False
Let i = 62 + -72. Let s(t) = -2*t**3 - 3*t**2 - 15. Let q be s(i). Let y = q + 1908. Is y composite?
False
Let w = 94088 + -39219. Is w prime?
True
Let a(p) = 4*p**3 + 14*p**2 - 3*p + 62. Is a(25) prime?
True
Let t = 51794 - 35835. Is t prime?
True
Let z(q) = 2*q**3 - 6*q**2 + 12*q + 17. Let w be z(4). Suppose 102*j - 52435 = w*j. Is j prime?
True
Is 9623 + (-30 - -35)/(-1*1) + -1 a prime number?
False
Let k = 70 - 52. Suppose -k*r = -20*r + 2082. Let a = r + -659. Is a a composite number?
True
Suppose 4*n + 3330935 + 4661535 = 14*n. Is n prime?
False
Is (21/(-4))/(7 - (-482811)/(-68964)) a composite number?
True
Is (5/(-15) - 907057/(-12)) + 130/104 composite?
True
Let i = -16 - -31. Let w be -4 + (-1265)/i*-3. Suppose -5*y = -w - 816. Is y a prime number?
False
Let i(h) = -4*h**2 - 6*h - 7. Let l(f) = -8*f**2 - 13*f - 13. Let m(u) = -13*i(u) + 6*l(u). Let v be m(5). Let c = 192 - v. Is c a prime number?
True
Let u(w) = 67458*w**3 - 13*w**2 + 25*w + 7. Is u(2) a composite number?
True
Is -3 - (0 - -4302 - 0)/(128/(-7808)) a prime number?
False
Let h(c) = 476*c + 4 - 140*c + 0 - 5. Suppose 5*n - 16 = -4*d + 6*d, 3*d = -5*n + 1. Is h(n) prime?
False
Is -1 + 2 + 1106119 - (13 + -5 + -7) a composite number?
True
Let t = 277 + -277. Is t*(-2)/(-4) + 1769 + 0 prime?
False
Let g = -313 + 316. Suppose -g*j + 4981 = 2*u, u - 3*j - 2498 = -2*j. Is u a composite number?
True
Is -2722*((-138)/(-36) + 11)*-3 composite?
True
Let x(o) = 25*o**2 - 10*o + 164. Is x(21) composite?
False
Suppose -16*o + 368720 = -8*o. Suppose -13*l + o = 9*l. Is l prime?
False
Let c be 80/15 + (-3)/((-36)/20). Suppose c*z + 5*m = 11*z - 6474, 0 = -3*m + 6. Is z composite?
False
Suppose 0 = 39*b - 3*b - 88092. Let z = b + -910. Is z a composite number?
True
Let w(f) = -100*f**3 + 2*f**2 - 10*f + 2. Let n be w(3). Let p = -871 - n. Is p a composite number?
True
Let o = 4640 + -4636. Suppose -3*s - 5*f + 0 - 24 = 0, 2*s = 2*f. Is 5322/s*o/(-8) a composite number?
False
Let f(i) = 14*i**2 + 124*i + 1. Let w(r) = 3*r**3 + 3*r. Let x be w(-2). Is f(x) a composite number?
True
Let a(k) = 3*k**3 - 10*k**2 + 6*k + 6. Let n be a(3). Is (0 + (-5)/n)*-447 prime?
True
Let w be (2/5)/(11/(-621885)). Let t = -11461 - w. Is t composite?
True
Suppose n + 5*d + 46330 = 4*n, -2*d + 15458 = n. Suppose 0 = 173*p - 51*p - 854. Suppose 757 = -p*q + n. Is q composite?
False
Let p = -677856 - -277477. Is (-1)/(-6 + p/(-66731)) prime?
True
Let m = -2045 - -918. Let z = 2546 + m. Let b = 2152 - z. Is b prime?
True
Let b(a) = 154*a**3 - 3*a**2 + a - 29. Is b(6) a prime number?
False
Suppose 18*g - 39540 = -z + 17*g, 3*z = 3*g + 118626. Is z prime?
True
Let h(s) = 9*s + 67. Let x be h(-4). Suppose -30*t = -x*t + 2559. Is t composite?
True
Let g = -85 + 46. Is (-8)/6 - 21775/g a composite number?
False
Suppose 44 - 9 = 5*j. Let q(o) = -2*o - 19. Let p(n) = 2*n. Let h(i) = 4*p(i) + q(i). Is h(j) a prime number?
True
Suppose 21*v + 180 = 6*v. Is (v/(-18))/((-6)/(-28143)) prime?
False
Let s = 37 + -35. Suppose 0 = s*f + 4*f - 24. Suppose 0 = 2*m + 3*o - 1001, 2*m - f*o - 406 = 588. Is m prime?
True
Let i be (-184)/(-1)*(15/2 - 5). Let t be (-2)/((-8)/i*1). Suppose 4*h - 460 = -5*s, 0 = -4*h + 5*h + 4*s - t. Is h a prime number?
False
Suppose 86*k - 88*k + 578 = 0. Suppose -16255 = -294*i + k*i. Is i a composite number?
False
Let c be (-196)/(-24) + 3/(-18). Let r be 44/(-10) + c*(-5)/(-100). Is 2226/r*((-26)/(-6) + -5) composite?
True
Let a = 1548 + -2918. Let k = a - -2676. Suppose 812 + k = 6*p. Is p a prime number?
True
Let c(u) = -4*u - 3. Let b be c(-15). Let x = b + -48. Suppose 0 = 5*v - x*v + 460. Is v a prime number?
False
Suppose -17*l = -688*l + 141655481. Is l composite?
True
Suppose -77160093 = -44*z + 18*z - 25*z. Is z composite?
False
Suppose -y + 20 = 4*y, 0 = 3*v - 5*y + 11. Suppose v*i = 4*i. Suppose i = -b - 0*b + 115. Is b a composite number?
True
Suppose 534112 = q - o + 146794, -2*q + 774635 = -3*o. Is q composite?
True
Suppose -o + 59*o - 17190794 = -0*o. Is o prime?
False
Suppose -1541 = -m - 4*p, -2719 = -3*m + p + 1904. Let h = -756 + m. Suppose q - h = -2*x - 0*x, 5*q = 5*x - 1940. Is x a composite number?
True
Suppose 0 = -62*m + 26*m + 10083276. Is m composite?
True
Let v(f) = 6372*f + 85. Is v(9) prime?
False
Is (1941541/(-10))/(501/(-5010)) a composite number?
True
Suppose -3412*u + 51513 = -3391*u. Is u a prime number?
False
Let v = -7177 - -11555. Suppose k = 4737 + v. Is k a composite number?
True
Let u = 74469 + 44792. Is u a prime number?
False
Suppose -2*w - 5 = -0*d - 3*d, 0 = -2*d - 3*w + 12. Suppose d*p - 2*y - 1350 = -0*p, 0 = 2*y. Let l = p + 37. Is l composite?
False
Is 15/(-12) - ((-1056090)/(-40))/(-1) a composite number?
True
Let p be 2/(-23) - 92768/(-368). Suppose p = -6*i + 4638. Is i prime?
False
Suppose 8*q = 176674 + 174990. Suppose 33*w - 120085 - q = 0. Is w prime?
False
Suppose -4*c + 1 = h, -20 + 13 = -h + 2*c. Let n(g) = 42*g**3 + 8*g**2 + g + 6. Is n(h) prime?
False
Let l(r) be the third derivative of -221*r**4/6 - 103*r**3/6 - 114*r**2. Is l(-4) a composite number?
False
Let u(k) = k**3 - 3*k**2 + 4. Let j be u(2). Let f be (93 - -2) + (5 - j). Let v = -57 + f. Is v composite?
False
Let v(i) = 2*i**3 - 2*i**2 - 4*i + 3. Let j be v(2). Is -4 + -3 + j + 3695 a composite number?
False
Let a(i) = i - 1. Let d(u) = -5*u - 65. Let p(m) = -6*a(m) + d(m). Let f = 314 - 328. Is p(f) a prime number?
False
Suppose 5*o - 33491 = 4*z, -6707 = -o - 2*z + 5*z. Let c be 3890306/1284 - (-1)/(-6)*-1. Suppose l - 2*s = c - 803, -3*l = s - o. Is l a prime number?
False
Let h be 8/(-44) + (-92)/(-22). Suppose h*o - 9*o + 29795 = 0. Is o a prime number?
False
Let g(h) = -2*h**2 + 49*h - 65. Let m be g(24). Is ((-7586)/(-6))/(m/(-861)) a composite number?
True
Suppose 15*t + 14*t + 8253770 = 39*t. Is t a prime number?
False
Suppose 287*m - 306*m = -102068. Let r = -1721 + m. Is r prime?
False
Let d(a) = 655*a**2 + 96*a + 309. Is d(-10) a prime number?
True
Let k(x) = 41554*x + 199. Is k(7) composite?
False
Suppose -4*j + 0*j = 2288. Suppose 2*h + 2*z - 1994 = -z, -2*z = -3*h + 2965. Let m = h + j. Is m a composite number?
False
Let h(a) = 5*a + 41. Let t(r) = -6*r - 41. Let z(f) = 7*h(f) + 6*t(f). Is z(22) composite?
False
Let y be ((-1152)/(-320))/(3/10). Is 425/(-510) - (-11302)/y a prime number?
True
Let t(o) = o + 3. Let q be t(2). Let z be (2/q)/((-8)/(-120)). Suppose 2270 = z*g - 1624. Is g a composite number?
True
Suppose 0 = -s - 4*s + 4*f + 4641, s - 5*f - 924 = 0. Let z = 1306 - s. Is z prime?
False
Let s(q) = 60*q + 6 + 20*q - 19. Let k = -17 - -21. Is s(k) a prime number?
True
Suppose 209*i - 4843955 = 114*i. Is i prime?
True
Let j = 972 + 1890. Suppose 7*w = 2129 - 12370. Let l = w + j. Is l composite?
False
Suppose g - 5*r - 19171 = 0, 3*g - 3387 - 54160 = -